23
Let i(f) = 40*f - 6. Let n(h) = 43*h - 7. Let s(m) = -6*i(m) + 5*n(m). What is s(1)?
-24
Let n(w) = 4*w**2 - 9*w - 4. Let h be (8/(-36) - (-5)/(-18))*-10. Let b(c) = -7*c**2 + 18*c + 8. Let q(s) = h*n(s) + 3*b(s). What is q(10)?
-6
Let l(h) be the second derivative of -h + 1/2*h**4 + 0 + 0*h**3 + 0*h**2. Let p be 5/20*-2 + 21/(-42). Calculate l(p).
6
Let z(x) = -4*x**2 - 8*x + 3. Let f = 1098 + -1102. Calculate z(f).
-29
Let t(u) = -7*u + 1. Let v = -10 + 10. Suppose -6*h + v = -72. Let y be (-16)/h + 1/3. Determine t(y).
8
Suppose -6*w = -7*w + 5. Suppose -3*b - 5 + 1 = -w*m, 0 = -4*b + 5*m - 2. Let p(a) = -8*a**2 + 0*a**2 + 10*a - a**3 + a**b + 1 - 17*a. Calculate p(-6).
7
Suppose q - 2*q = -5*j + 21, -22 = -5*j + 2*q. Let a(d) = -d**2 + 8*d - 14. Give a(j).
2
Let j be (((-120)/(-9))/2)/(20/30). Let c(d) = 6*d + 3. Let x(f) = 11*f + 6. Let z(p) = j*c(p) - 6*x(p). What is z(-4)?
18
Let i(o) = -o**3 + 5*o**2 + 5*o + 10. Let x be i(6). Let b(d) = d**3 - 3*d**2 - 2*d - 3. Determine b(x).
5
Let i(u) = -4 - 24*u**2 + 5*u + 8 + 25*u**2. What is i(-5)?
4
Let k = -40 - -43. Let q(z) = -9*z - z - z**k - 6*z + 5*z**2 - 1 + 13*z. Calculate q(3).
8
Let j(n) = -36*n + 1. Let u be j(-1). Suppose -9 = -4*v - u. Let h(y) = y + 1. Give h(v).
-6
Suppose 0 = 1487*x - 1484*x - 3. Let p(a) = 11*a**2 + 1. Calculate p(x).
12
Let c(u) = 3 - 7*u + 2*u + 2*u**3 + 3*u. Let q = 18 + 4. Suppose 7*d - q = -8. What is c(d)?
15
Let i(v) = v**3 - 5*v**2 + 4*v + 1. Let y(n) = -n**3 + n**2 + 8*n - 3. Let h(f) = 2*f**2 + 2*f - 1. Let x be h(-2). Let p be y(x). Give i(p).
-5
Suppose -120 = -8*y - 7*y. Let t(a) = y*a**2 + a**3 + 448 - 3*a**2 - 449 + 3*a. Give t(-4).
3
Let r(i) = -i**2 - 6. Let o(u) = -19*u - 34. Let m(x) = -o(x) + 2*r(x). What is m(10)?
12
Let i(m) = -m**3 - 9*m**2 + 11*m + 11. Suppose 2*f - 2*z - 24 = 0, 9*f - 13*f + 5*z = -52. Suppose f = -7*q - 62. What is i(q)?
1
Let b(l) be the second derivative of 1/6*l**4 + 1/60*l**5 - 1/120*l**6 + 0*l**3 + 0 + 0*l**2 + l. Let x(y) be the third derivative of b(y). Give x(-2).
14
Let p(o) = -o**2 - 5*o + 8. Suppose -3*s = 2*s - 3*q + 20, -2*q - 20 = 5*s. Let y be 5 - (2 + 3 + s). Suppose v + 31 = -y*w + 3, -2*w + 5*v = 14. Give p(w).
-6
Let r(f) = -2*f - 1. Let l(m) = 6*m + 22. Let p be l(-4). Let q(i) = 3*i + 8. Let k be q(p). Calculate r(k).
-5
Let i(u) = u**2 + 7*u. Let j(s) = -s**3 - 10*s**2 - 15*s + 1. Let f be j(-8). Give i(f).
0
Let z = -3 + 5. Let w(p) be the second derivative of -1/6*p**3 + 0 - 1/12*p**4 - 4*p - 1/2*p**2. Determine w(z).
-7
Let k = 5 - 13. Let b(c) = -9*c - 2 + 224067*c**2 + 0*c**3 - 224076*c**2 + 0*c**3 - c**3. Determine b(k).
6
Let t(a) = a**3 + 5*a**2 - 5*a - 6. Suppose -9 = -9*v - 54. What is t(v)?
19
Let x(o) be the first derivative of -o**5/60 + o**4/8 + 15*o**2/2 - 25. Let f(c) be the second derivative of x(c). Determine f(-3).
-18
Let h = 1777/12 - 148. Let s(f) be the second derivative of -h*f**4 - 1/2*f**3 + 0 + 5/2*f**2 + 4*f. Calculate s(-4).
1
Suppose 3*k + 3*h = 48, -131*h = -3*k - 126*h + 8. Let f(w) = w**3 - 12*w**2 + 12*w - 1. Calculate f(k).
10
Let h be ((-32)/(-96))/(1/(-6)). Let y(f) = 6*f - 1. What is y(h)?
-13
Let w(x) be the second derivative of x**4/12 + 5*x**3/6 - x**2 - 10*x - 4. Let l = 3 + -9. Calculate w(l).
4
Let p = 191 + -186. Let c(v) = v**3 - 5*v**2 + 2. Calculate c(p).
2
Let f = 13 + -7. Let g(y) = -840 - 3*y**3 + 2*y + 2*y**3 + 421 - y + 6*y**2 + 416. Calculate g(f).
3
Suppose 5*p - j - 7 = 2, -11 = -4*p - 3*j. Let y(r) be the second derivative of -r**3/3 + r**2/2 - 19*r. What is y(p)?
-3
Let w be (11 - -1) + (4 - (1 - -2)). Let x(r) = -3 - 3*r + 21*r - w*r. Determine x(2).
7
Let k = -6 + 1. Let v(s) = 5*s**2 + 0*s**3 + 4 + 3*s - 5 - 1 + s**3. Give v(k).
-17
Let p(c) = c**3 - 6*c**2 + 7*c - 4. Let w(l) = 21*l**3 + l**2 - 2*l. Let h be w(1). Let f = 25 - h. Give p(f).
6
Let r(z) = -84 - 3*z**2 + 84 + 3*z. Determine r(2).
-6
Let n be (-1)/(-1) - (95 + -88). Let z(f) = 0*f + 6 + f + 1. Determine z(n).
1
Let s(d) = -5*d**2 - 2*d + 9. Let u(b) = -22*b**2 - 8*b + 37. Let z(v) = -9*s(v) + 2*u(v). Give z(5).
28
Let p(y) be the third derivative of -5/6*y**3 + 0 + 28*y**2 + 1/8*y**4 + 0*y. Give p(4).
7
Suppose -o - 25 + 16 = 0. Let n(x) = -x**2 - 8*x + 7. Let w be n(o). Let b(d) = 2*d**3 + 2*d**2 - d - 1. Calculate b(w).
-7
Let n be ((-6)/4)/(1/(-2)). Let c(s) = -3 - 4 + 9 + s**n - 10*s - 3*s**2 - 4*s**2. What is c(8)?
-14
Let v = -49 - -61. Suppose 0 = 2*s - v*s - 30. Let g(p) = -2*p**2. Calculate g(s).
-18
Let m(z) = -1 - 1 - 3 + 4 - 7*z. Suppose -8*o + 9*o = -25. Let j = -24 - o. Determine m(j).
-8
Suppose 4*v + 2*d + 48 = 14, -3*v + d - 13 = 0. Let a be 4/v*-9 + -3. Let i(r) = a*r + 5 + 3*r - 5*r. What is i(-4)?
1
Let o(i) = -1 - 15*i**3 + 14*i**3 - 2*i**2 + i**2. Let g(u) be the third derivative of -u**5/60 + u**4/24 + 2*u**2. Let a be g(2). What is o(a)?
3
Let o(c) = -c**2 + 37*c + 2. Let w(k) = 2*k**2 - 69*k - 3. Let m(g) = 11*o(g) + 6*w(g). What is m(10)?
34
Let p(f) = 4*f + 4. Let x(n) = n**2 + 10*n + 10. Suppose -2*l + 4*l = 2*w + 8, -2*l = 8. Let b be x(w). What is p(b)?
-20
Let c = -446 - -443. Let t(j) = j. Let r(k) = 4. Let g(v) = r(v) + 2*t(v). Calculate g(c).
-2
Let y(j) = -2*j - 1 + 5*j - 9*j + 2*j + 3*j**2. Let b(a) = 3*a**2 - 5*a - 1. Let d(q) = -6*b(q) + 7*y(q). Give d(1).
4
Let d(k) = 3*k**2 - k - 1. Let m(u) = 2*u**2 + 10*u - 2. Let h be m(-5). Give d(h).
13
Let n(q) = 4*q + 5. Let h(p) = -5*p - 6. Suppose 2*j + 3*o + 2 = -0*j, -3*o - 7 = j. Let i(m) = j*h(m) + 6*n(m). Give i(6).
-6
Let r(a) = 3*a**2 - 7*a - 3. Let d(f) = -7*f**2 + 15*f + 6. Let z = 10 - 15. Let s(y) = z*r(y) - 2*d(y). Give s(6).
-3
Let j = -26 - -28. Let s(w) = -1 - 1 - 2*w**2 + 1 - 3*w**j. Give s(1).
-6
Let u(w) be the first derivative of -w**4/4 - 5*w**3 - 3*w**2/2 - 37*w - 148. What is u(-15)?
8
Suppose 3*c = 4*c - 3*y - 41, -4*c + 156 = -4*y. Let u = c + -41. Let v(z) = -z - 5. Calculate v(u).
-2
Let r(g) = g + 3. Let v(z) = -6*z**3 - 2*z**2 - 2*z + 3. Let a(m) = -5*m**3 - 3*m**2 - 3*m + 2. Let k(w) = -7*a(w) + 6*v(w). Let b be k(10). What is r(b)?
-3
Let b = 51 - 48. Let y(l) = b - l**2 - 3*l - l + l. Calculate y(3).
-15
Let q(d) = -d - 1. Let c = -11 - -22. Let m = c - 5. Give q(m).
-7
Let a(s) = -2*s - 7. Let p(z) = -3*z - 8. Let h(v) = -4*a(v) + 3*p(v). What is h(2)?
2
Let p = 7 + -3. Let h(n) = -n**3 + 8*n**2 - 7*n + 12. Let f be h(7). Let g(l) = -2*l**2 - f + 5*l**2 + 2*l - 4*l**2 + 8. Give g(p).
-12
Suppose 0*a = -4*c + 2*a - 6, -3*c + 12 = 4*a. Let p(g) be the first derivative of -6 + 0*g**2 - 1/3*g**3 + 9*g. Determine p(c).
9
Suppose r + 4*a - 19 = 0, -5*a = 3*r - 5*r - 14. Let m(x) be the first derivative of -x**2 + x - 67. Give m(r).
-5
Let u(y) be the third derivative of -4*y**2 + 0*y**3 - 1/24*y**4 + 0*y + 0. Suppose 6*g = 2*g - 24. Give u(g).
6
Let r be 2/(4*4/224). Let n be r/(-70) + (-26)/10. Let j(o) = o**2 + 5*o. Determine j(n).
-6
Let b(y) = 2*y**2 - 16*y - 12. Let o = -1417 + 1426. Calculate b(o).
6
Suppose 4*g - 90 = 5*u, 3*u + 5*g + 15 + 2 = 0. Let l(y) = -y - 23. Determine l(u).
-9
Suppose -21*i = -14*i + 77. Let f(o) = 3 - 2 + o + 11. Give f(i).
1
Let l(j) = -2*j + 14. Let c be 12 + (31 - 30)/((-2)/10). Determine l(c).
0
Let b(i) = -2*i**2 - 8*i - 6. Suppose 5*q + 2*o = -20, 3*o = -0*q + 2*q + 8. Determine b(q).
-6
Let y(b) = b**3 + 7*b**2 + 6*b + 3. Let a = 15 - 21. Calculate y(a).
3
Let z(w) = 3*w**2 - 27. Let g(n) = n**2 - 5. Let o(h) = 11*g(h) - 2*z(h). Suppose 5 = 2*f + 3*f. Give o(f).
4
Let u(j) = 100*j**2 - 101*j**2 + 2*j + 7*j - 9. Suppose -18*n + 12*n = -36. Determine u(n).
9
Suppose 17 = -19*o + 74. Let c(m) be the second derivative of -o*m**2 + 4*m + 0 - 1/12*m**4 + 5/6*m**3. What is c(5)?
-6
Suppose -s + 341 = -3*h + 317, -h - 4 = 0. Let j(l) be the first derivative of s - 6*l + 3/2*l**2. Determine j(4).
6
Let b = 93 + -83. Let q(o) = o**3 - 10*o**2 + 2. Give q(b).
2
Let d(p) be the third derivative of 0 - 1/3*p**3 - 2*p**2 - 1/12*p**4 + 0*p. Suppose -9 = 2*j - 3*u + 8, 9 = 3*u. Calculate d(j).
6
Let a(r) = r**3 + 10*r**2 + 4*r + 30. Suppose 5*p = 7*p + 20. Calculate a(p).
-10
Let w(y) = -2*y**3 + 6*y**2 + 3*y - 8. Let o(m) = -m**3 + m - 1. Let k(g) = 3*o(g) - w(g). What is k(-6)?
5
Let w(k) = -4*k - 7. Let j be w(-5). Suppose -2*d - j 